e factors of q.
2, 109
Let k(a) be the first derivative of -2*a**2 + a - 5*a**2 - 6*a**2 + 11*a**2 - 8. List the prime factors of k(-7).
29
Let s be 2/(-3*4/24). Let c = s + 7. Suppose 2*y = -3*v + 4*y + 131, -c*y + 231 = 5*v. List the prime factors of v.
3, 5
Let m = -655 + 1002. What are the prime factors of m?
347
Suppose -18*c + 14*c = -104. Suppose 3*y - c = 16. List the prime factors of y.
2, 7
Let k(v) = v**3 + 16*v**2 - 9*v - 3. Suppose -2*x - 58 = 3*d, 5*d + 0*x - 3*x + 65 = 0. What are the prime factors of k(d)?
3, 47
Let z(c) = 2*c + 5. Let r be z(-12). Let i = r + 24. List the prime factors of i.
5
Let x = 11 + -5. Let j be (4/x)/((-5)/(-2790)). List the prime factors of 3/4 - j/(-16).
2, 3
Let a(b) = -b**2 + 79*b - 387. What are the prime factors of a(34)?
3, 127
Suppose -920 = -2*n + 2*d, -1844 = -5*n + n + 5*d. What are the prime factors of n?
2, 3, 19
Suppose 280 = u + 2*k, 3*k = -32*u + 28*u + 1095. List the prime factors of u.
2, 3, 5
Suppose -36 = 2*q + 4*p, 2*q = -3*p + 6*p - 15. Let r be -6 - q - (0 + 1). Suppose -r*n + 14 = 4. What are the prime factors of n?
2
Let m(a) = 3*a**2 + 40*a + 7. List the prime factors of m(-18).
7, 37
Suppose -29*v = -42*v + 27196. List the prime factors of v.
2, 523
Suppose -5*d = -15, 0*d - 536 = 2*m + 4*d. What are the prime factors of m/(-8) - 21/(-28)?
5, 7
Let b = -7 - -12. Suppose -b*x + 8 = 33. What are the prime factors of (-1)/x - (-184)/5?
37
Suppose -b - 3 = 3. Let w = b + 8. What are the prime factors of w?
2
Suppose 0 = -2*l + 5*f - 4*f + 7, 4*f = -5*l + 11. Suppose 4*z - 11 = l*t - 432, 3*z - 456 = -3*t. What are the prime factors of t?
3, 7
Suppose 0 = q + q - 166. Suppose 5*j = -5*a + 227 + q, 0 = 3*a - 5*j - 170. Suppose 0*v = -4*v + a. What are the prime factors of v?
3, 5
Let u(h) = -33*h - 25. Let m be u(-10). Let o = 613 - m. List the prime factors of o.
2, 7, 11
Let m be (30/(-12))/(2/(-44)). Let z be (-22)/m*(-1 - 14). Suppose 11*f = z*f + 135. List the prime factors of f.
3
Suppose 5*l - 64 = 106. Suppose 5*r + s + 32 + 23 = 0, 2*s = 0. Let k = r + l. List the prime factors of k.
23
Suppose -7*w = -3*w - 8. Suppose -s = 4*a - 6 + w, -5*s - 2*a + 38 = 0. Let r(z) = -z**2 + 10*z + 6. List the prime factors of r(s).
2, 11
List the prime factors of 245 - ((-12)/6 - -8).
239
Suppose -3*k - 10*k + 29029 = 0. What are the prime factors of k?
7, 11, 29
Let w = -4 - -7. Let q(n) = -n**3 - 30*n**2 - 56*n + 26. Let j be q(-28). Suppose -3*s + 63 = w*b, 2*b + 3*s = j + 18. List the prime factors of b.
19
Let g = 6 + 2. Suppose -g = 2*r - 0*r. What are the prime factors of ((-36)/(-21))/(r/(-14))?
2, 3
Let y(n) be the second derivative of n**3/3 - 2*n**2 + 3*n. Let t be y(0). List the prime factors of (-13)/(2/t*2).
13
Suppose -2*x + 5*a - a = -88, -20 = -5*a. Let n = 128 - x. List the prime factors of n.
2, 19
Let k be -1 + 10/8*(145 - -3). Let g = 73 + k. List the prime factors of g.
257
Suppose -3*b - 28 = -4*l, 0*l - l + 24 = -5*b. Suppose 4*x + 5*r - 120 = -0*x, -l*x + 108 = 2*r. What are the prime factors of x?
5
List the prime factors of 11036/12 - -2 - (-16)/(-24).
3, 307
Let r(u) = 201*u - 436. What are the prime factors of r(5)?
569
Suppose -63*b - 8216 = -71*b. What are the prime factors of b?
13, 79
Suppose 482 + 709 = 3*y. What are the prime factors of y?
397
List the prime factors of 21681/33 - (-9)/(-1).
2, 3
Let g = -435 + 1252. What are the prime factors of g?
19, 43
Let r(f) = f**3 - 13*f**2 + 17*f - 10. Let h be ((-10)/3)/(-5)*18. What are the prime factors of r(h)?
2, 5
Let v(z) = -2*z - 3. Let y(s) = -5*s - 9. Let o(u) = -7*v(u) + 2*y(u). Let d = -40 - -42. List the prime factors of o(d).
11
Let i = 10 + -6. Suppose -z + 155 = i*z. What are the prime factors of z?
31
Let s(l) = 10*l**2 + 4*l + 16. Let p(m) = 29*m**2 + 13*m + 47. Let r(k) = 6*p(k) - 17*s(k). What are the prime factors of r(-8)?
2, 3, 31
Let d(i) = 111*i - 5. List the prime factors of d(2).
7, 31
Let x = 2485 - 1752. What are the prime factors of x?
733
Let r(b) = 120*b - 76. What are the prime factors of r(4)?
2, 101
Let z(c) = 2*c**2 - c - 10. Let k be z(7). Suppose -i = -6*i - u - 135, -2*i + 5*u = k. Let q = i - -55. What are the prime factors of q?
3
Let t = 27 + -40. Let i = -8 - t. Suppose 4*k = 3*q + 119, -q + i = -6*q. List the prime factors of k.
29
Let b(q) = -4*q**3 - 2*q**2 + 1. Let y be b(-1). Suppose h = -y*h. Suppose h*c + 3*s = -4*c + 125, 0 = -5*s - 5. What are the prime factors of c?
2
Let n = 235 - 96. Let q = n + -98. List the prime factors of q.
41
List the prime factors of ((-341)/44 + 4)/(6/(-128)).
2, 5
Let x be -1 + 2 - (-41 + 0). Let p = x + -19. List the prime factors of p.
23
Let y = 1207 - 507. What are the prime factors of y?
2, 5, 7
Suppose 5*d = -3*i + 15, i = 2*i. Let u(v) = 4 + v**3 + d + 48*v + 2*v**2 - 47*v - 3*v**2. What are the prime factors of u(0)?
7
What are the prime factors of 1391 + (-1 - (-9 - -3))?
2, 349
Let t = 2961 - 1645. What are the prime factors of t?
2, 7, 47
Let d(v) = v**2 + 3*v + 3. Let b be d(-3). Suppose 0 = -4*x + 4*l + 180 - 36, -l + 144 = 4*x. Suppose -b*m - m = -x. List the prime factors of m.
3
Suppose 0 = -188*c + 180*c + 49528. List the prime factors of c.
41, 151
Let f(w) = w + 14. Let j be f(-9). Suppose 3*p - 8 = s, 0*p + 2*p + j*s = 11. What are the prime factors of (p - -18 - -3) + -1?
23
Suppose x + 4*w = 3*w + 645, -3*w = 4*x - 2584. What are the prime factors of x?
11, 59
Let l(d) = -d**3 + 7*d**2 - 5*d + 3. Let w be l(5). Let k be w/(-1 + 3 + 0). Let h = k + 20. What are the prime factors of h?
2, 17
Let g be 3/(-2)*20/6. Let a be (-1050)/45*24/g. Suppose 0 = 5*h + 32 - a. List the prime factors of h.
2
Let a(h) = 4*h**2 + 9*h - 31. Let v(i) = -21*i**2 - 46*i + 155. Let k(s) = 11*a(s) + 2*v(s). What are the prime factors of k(5)?
2, 3
Let i(g) be the third derivative of 2*g**5/15 + 7*g**4/24 + 5*g**3/6 + 4*g**2. List the prime factors of i(-2).
23
Suppose -7*s = 5 - 19. Suppose -m - m - 194 = -5*t, 5*m = 3*t - 124. Suppose 0 = -s*b - t + 162. List the prime factors of b.
2, 31
Let y(p) = p**3 - 14*p**2 - 13*p + 67. List the prime factors of y(23).
7, 647
What are the prime factors of -3*(-6 + 842/(-3))?
2, 5, 43
Suppose 3116 = 13*l - 23066. List the prime factors of l.
2, 19, 53
Suppose 24*w - 72 = 32*w. Let y(h) = h**2 - h + 1. Let o(g) = -5*g**2 - 4*g + 3. Let x(t) = -o(t) - 4*y(t). What are the prime factors of x(w)?
2
Suppose 5*m = -2*z + 534 + 649, 4*z + 219 = m. Let n = m - 154. List the prime factors of n.
3
Let p(r) = -r - 6. Let x be p(-13). Suppose -18 = -9*v + x*v. List the prime factors of 32 - (-3)/(v/(-3)).
31
Suppose 17 + 8 = 5*d. Let j = d - -6. Suppose -v + 3 = -j. What are the prime factors of v?
2, 7
Let y be -11*((-6)/6 - 0). Suppose 4*l - 356 = 4*s, 9*l - y*l - 5*s = -171. List the prime factors of l.
2, 11
Let z(l) = -2*l + 1. Let t be z(-2). Suppose 4*n + t = -19. What are the prime factors of 122/6 + n/18?
2, 5
Suppose -729*m - 136475 = -754*m. What are the prime factors of m?
53, 103
Suppose 2*m + b - 6*b = 2045, b - 1 = 0. What are the prime factors of m?
5, 41
What are the prime factors of (-4116)/(-5 - 0 - -3)?
2, 3, 7
Suppose s = -4*s, -2*c + 110 = 3*s. What are the prime factors of c?
5, 11
List the prime factors of 1684 + 1 - (-315)/63.
2, 5, 13
Let l(q) = -q**2 - 26*q + 8. Let j(w) = -3*w - 9. Let c be j(3). What are the prime factors of l(c)?
2, 19
Suppose -13*k + 32150 = 12*k. What are the prime factors of k?
2, 643
Let k = -782 - -2231. What are the prime factors of k?
3, 7, 23
Suppose -11*p + 28 = 6. Suppose -p*b = 5*f + 2*b - 311, 2*f + 2*b = 124. List the prime factors of f.
3, 7
Suppose 4*b = -s + 165, 0*s = s + 2*b - 171. Suppose 4*l - 84 - 36 = 0. Suppose -l*x + 27*x + s = 0. What are the prime factors of x?
59
Let d(t) = -35*t - 6. Let i be d(-18). Suppose -i = v - 13*v. List the prime factors of v.
2, 13
Let n be -7 + -1 + -6 + 4. Let l be 10*(0 + (-5)/n). Suppose 170 - 555 = -l*r. List the prime factors of r.
7, 11
Let k = 114 + -76. Suppose -4*y + 2*h + 11 = h, -5*y - 3*h + 35 = 0. Suppose -6*s = -y*s - k. List the prime factors of s.
19
Let x(m) be the third derivative of 5*m**4/4 + 3*m**2. Let u be ((-6)/(-4))/((-12)/(-8)). List the prime factors of x(u).
2, 3, 5
Suppose